nd 2.
2
What is the greatest common divisor of 742205 and 35015165?
9395
Calculate the greatest common divisor of 158122790 and 126.
14
What is the highest common divisor of 75 and 181818?
3
Calculate the highest common divisor of 6259312 and 448.
16
Calculate the highest common divisor of 13832 and 22840.
8
What is the highest common divisor of 21546 and 15140844?
162
What is the highest common divisor of 7772 and 441396?
268
Calculate the highest common divisor of 40641000 and 209622.
4278
What is the highest common divisor of 197354143 and 1723?
1723
What is the greatest common divisor of 510564 and 61788?
3252
What is the greatest common divisor of 774774 and 30921?
33
What is the highest common factor of 113868 and 3780?
36
What is the highest common factor of 90 and 44056?
2
Calculate the greatest common factor of 4712961 and 13299.
1023
What is the highest common divisor of 2 and 10698802?
2
What is the greatest common divisor of 13 and 10031099?
13
What is the highest common divisor of 235 and 1739190820?
235
What is the highest common divisor of 16947839 and 1671?
557
What is the highest common factor of 278905 and 602527?
461
Calculate the greatest common factor of 2 and 284654.
2
What is the highest common factor of 12155 and 1661920?
1105
Calculate the greatest common divisor of 29241 and 16586145.
3249
Calculate the highest common divisor of 147 and 456137521.
49
Calculate the greatest common divisor of 14070 and 29324895.
1005
Calculate the greatest common divisor of 1041615 and 12510.
45
Calculate the highest common factor of 19350824 and 16.
8
Calculate the greatest common divisor of 59 and 34374757.
59
What is the highest common divisor of 3366 and 405603?
1683
Calculate the greatest common factor of 5628 and 21860492.
268
What is the greatest common divisor of 40586 and 63882?
182
What is the greatest common divisor of 1329190 and 9760?
610
What is the greatest common divisor of 4330500 and 6000?
1500
What is the greatest common divisor of 114465 and 41145?
195
What is the highest common factor of 8515 and 13390689?
1703
What is the greatest common divisor of 1143 and 58687843?
127
Calculate the highest common divisor of 344 and 53508254.
86
Calculate the greatest common factor of 710592 and 1560.
24
Calculate the greatest common factor of 14 and 19104253.
7
Calculate the greatest common factor of 8226 and 75511938.
2742
What is the greatest common divisor of 69966 and 107778?
138
Calculate the highest common divisor of 2745735 and 115669.
1123
What is the highest common divisor of 109641 and 203826?
483
What is the highest common divisor of 24 and 5223256?
8
Calculate the greatest common factor of 1604 and 26636.
4
What is the highest common divisor of 688114 and 132494?
4274
Calculate the greatest common divisor of 3146 and 64176827.
1573
Calculate the highest common divisor of 30920628 and 12.
12
What is the highest common divisor of 231192 and 435240?
936
What is the highest common factor of 37262 and 7936?
62
Calculate the greatest common divisor of 7578912 and 30624.
1056
Calculate the greatest common divisor of 47440168 and 506.
46
What is the highest common divisor of 132 and 55336468?
44
What is the highest common factor of 15315381 and 18?
9
What is the highest common divisor of 3515 and 229045?
95
Calculate the greatest common divisor of 705418560 and 72.
72
What is the greatest common factor of 1353 and 1408341?
33
Calculate the highest common divisor of 16024 and 291510611.
2003
What is the highest common factor of 2826522 and 21114?
918
What is the highest common divisor of 357192 and 245016?
2952
What is the highest common divisor of 40 and 23027?
1
Calculate the highest common factor of 555062562 and 10413.
801
What is the greatest common factor of 23094500 and 8500?
8500
Calculate the highest common factor of 10701 and 4294958.
29
Calculate the greatest common factor of 88 and 5385644.
44
Calculate the highest common divisor of 12088 and 488.
8
What is the greatest common factor of 3 and 527259?
3
Calculate the greatest common divisor of 4232 and 6538072.
184
What is the highest common divisor of 9841026 and 156?
78
Calculate the greatest common divisor of 2922 and 58670838.
2922
Calculate the highest common divisor of 83007839 and 27344.
1709
Calculate the highest common factor of 503409 and 622495.
5413
Calculate the greatest common divisor of 22 and 102128631.
11
What is the greatest common factor of 2648423 and 93?
31
Calculate the highest common divisor of 25 and 1005480175.
25
What is the greatest common divisor of 451470 and 4942926?
894
Calculate the highest common divisor of 160 and 4076752.
16
What is the greatest common factor of 56657450 and 4700?
50
What is the greatest common factor of 244 and 23736808?
244
Calculate the highest common factor of 256 and 32818496.
64
Calculate the highest common factor of 8364 and 373796.
68
What is the greatest common factor of 9480693 and 636?
159
Calculate the highest common divisor of 457220184 and 168.
24
Calculate the highest common factor of 146 and 10757207.
73
Calculate the greatest common divisor of 401912 and 28560.
56
What is the greatest common divisor of 1200148 and 37753?
1987
Calculate the highest common divisor of 10908463 and 801.
89
What is the highest common divisor of 13944 and 5565?
21
What is the highest common divisor of 7288920 and 444?
12
What is the greatest common divisor of 7455 and 108621835?
2485
Calculate the greatest common divisor of 4640 and 97817696.
928
What is the highest common factor of 22952319 and 39?
39
Calculate the greatest common divisor of 26649 and 34209.
189
Calculate the greatest common divisor of 5502169 and 9189.
1021
What is the highest common factor of 267944 and 4608?
8
Calculate the highest common divisor of 9381554 and 12103.
1729
What is the highest common divisor of 31195 and 116059?
17
Calculate the greatest common factor of 116435 and 417049.
2117
Calculate the highest common factor of 439227 and 69907.
1319
Calculate the greatest common factor of 43303554 and 174.
174
Calculate the highest common factor of 1144 and 10333422.
22
What is the highest common factor of 3667021 and 868?
31
Calculate the greatest common factor of 340195 and 380.
95
Calculate the highest common factor of 1608505 and 35460.
985
What is the highest common divisor of 49 and 224987273?
49
What is the greatest common factor of 741 and 21641152?
247
Calculate the greatest common divisor of 826 and 10562.
2
Calculate the highest common divisor of 671523405 and 21.
21
What is the highest common factor of 29935310 and 43?
43
What is the highest common factor of 807378 and 14872?
286
Calculate the greatest common divisor of 26350 and 85140.
10
What is the highest common divisor of 144877167 and 81?
81
Calculate the highest common divisor of 4491 and 6288897.
1497
What is the highest common divisor of 3841 and 43861?
23
What is the greatest common factor of 28991032 and 56?
56
What is the greatest common factor of 100040289 and 17448?
2181
What is the greatest common factor of 1876 and 225921052?
1876
Calculate the highest common divisor of 15855 and 147014355.
2265
Calculate the greatest common divisor of 1567764750 and 750.
750
Calculate the greatest common factor of 2601170 and 234520.
1430
What is the greatest common factor of 572 and 16414970?
286
Calculate the greatest common divisor of 1588580 and 30380.
980
What is the greatest common divisor of 688288 and 20550?
274
What is the highest common factor of 1552491 and 63729?
657
Calculate the highest common divisor of 34 and 617896.
2
What is the greatest common factor of 94705 and 1097356?
611
What is the highest common factor of 54038712 and 14301?
4767
Calculate the greatest common factor of 109875 and 342375.
375
Calculate the greatest common factor of 198 and 10240785.
9
Calculate the greatest common divisor of 218046488 and 748.
748
What is the greatest common factor of 7 and 463514023?
7
What is the highest common factor of 30582760 and 1300?
260
Calculate the highest common factor of 779633 and 1634.
43
What is the greatest common divisor of 222 and 3988156?
74
What is the greatest common factor of 7377314 and 56?
14
Calculate the highest common factor of 20520 and 6529